-387 - 0). Let n = -136 - p. List the prime factors of n.
3, 83
Let n(g) = -25*g + 42. Let u be n(4). Let q be (-398)/(-4) + 1/(-2). Let y = u + q. List the prime factors of y.
41
Let z(d) = 5*d**2 + d - 1. Let q be z(-1). Suppose -g + 84 = g - 2*m, q*g - 141 = -2*m. Let n = g + -27. List the prime factors of n.
2, 3
Suppose -4*u = 4*h - 33840, 9*h - 25366 = 6*h + 4*u. What are the prime factors of h?
2, 4229
Suppose 0 = -13*t + 55 - 42. Let m(p) = 457*p**2 - 3*p. List the prime factors of m(t).
2, 227
Suppose f - 5*s - 9548 = -1613, -23741 = -3*f - s. List the prime factors of f.
5, 1583
Suppose -12*a - 446 = -1094. Suppose a*k - 1274 = 52*k. What are the prime factors of k?
7, 13
Let b(y) = 2*y + 3. Let j be b(3). Suppose 0 = -4*v - v - 5*m + 2720, v + 2*m - 544 = 0. Suppose 0 = -j*h + 5*h + v. List the prime factors of h.
2, 17
Suppose 3*y = -5*d + 892, 192 = d + 30*y - 26*y. Let u = d + 184. List the prime factors of u.
2, 3, 5
Let p(d) = 15728*d**2 - 8*d - 16. List the prime factors of p(-1).
2, 3, 5, 131
Let z(k) = k + 13. Let m be z(-3). Suppose 3*x - 2*g - 35 = 12, x - 5*g - 33 = 0. Let i = x - m. List the prime factors of i.
3
Suppose 45*j + 8*j - 2153727 = -130*j. What are the prime factors of j?
3, 3923
Suppose 1468 = 6*g + 4888. Let u = -378 - g. Suppose 81 + u = 3*y. What are the prime factors of y?
7, 13
Suppose -5*w = 4*p - 305831, -140*w + 139*w = -p + 76478. List the prime factors of p.
47, 1627
Let u = 779 - 723. Let o = u - -108. What are the prime factors of o?
2, 41
Let d be 5 - ((0 - 1) + 1). Suppose 22*y - 230 - 3708 = 0. Suppose 0 = -4*v + d*n + y + 455, -4*v + 646 = n. What are the prime factors of v?
7, 23
Suppose 0 = 2*s - 4*p - 41584, 156*s - 154*s = 5*p + 41587. What are the prime factors of s?
2, 19, 547
Suppose -2*a = 78*a - 582720. List the prime factors of a.
2, 3, 607
Let k = -7498 - -30481. List the prime factors of k.
3, 47, 163
Let d = 33 - 33. Let q be d - 4 - (-11 - (-4 - -2)). Suppose -729 + q = -4*u. List the prime factors of u.
181
Let i be 0/(-5 - -9)*-1 + 5. Suppose -2069 - 7081 = -i*w. What are the prime factors of w?
2, 3, 5, 61
Let a(f) = f**3 + 6*f**2 - 8*f + 12. Let x be a(8). Suppose 5*v - 2*o = x, -o + 4*o = -2*v + 349. Let b = -121 + v. List the prime factors of b.
7
Let n(k) = 71*k**3 - 11*k**2 + 11*k - 80. List the prime factors of n(7).
3, 7937
What are the prime factors of (-4)/(-20) + (-3639762)/(-315)?
5, 2311
Let u(p) = p**3 - 11*p**2 - 6*p + 2. Let y be u(5). Let m be (6 + (-1962)/(-24))*-4. Let w = y - m. List the prime factors of w.
173
Let y(n) = -6*n - 22. Let j = 95 + -99. Let u be y(j). Suppose 5*b = 3*x + 647, 2*b - 259 = u*x - x. What are the prime factors of b?
2, 5, 13
List the prime factors of 18/5 + -4 + 692720/175.
2, 1979
Let x(u) = u**2 - 2*u - 4. Let w be x(-2). Suppose 0 = -b - l - 4*l - 44, -3*l = -w*b - 153. Let r = 76 + b. List the prime factors of r.
37
Let z be 5 - -2686 - (-10)/(-2). Suppose -15*t + 17*t = z. What are the prime factors of t?
17, 79
Let n(d) = 13*d**3 - 120*d**2 + 29*d + 206. What are the prime factors of n(19)?
2, 61, 191
Let u(c) = 17*c - 2*c**2 + 5*c**2 + 7*c + 0*c**2 - 1. Let p be u(-10). Suppose 0 = y + 2*y + k - p, 0 = y + 2*k - 13. What are the prime factors of y?
3, 7
Suppose 0 = 29*q - 289488 + 3200. What are the prime factors of q?
2, 617
Suppose -2*t - 9*t = 3*t. Suppose 3*c - g - 421 = t, -c - 4*g + 123 = -0*c. List the prime factors of c.
139
Suppose y = 2 + 1. Suppose -8*b = -y*b - 100. Suppose -o - o - 3*a = -110, 0 = -5*a + b. What are the prime factors of o?
7
Let l(b) = -b**3 + 39*b**2 - 66*b + 57. What are the prime factors of l(15)?
3, 1489
Let v(a) = -a - 10. Let i be v(-22). What are the prime factors of (-3)/2*i/30*-565?
3, 113
Suppose -50*i = -43*i - 91*i + 121968. List the prime factors of i.
2, 3, 11
Let r(n) = n**2 - 4*n - 18. Let o be r(7). Suppose -492 + 100 = -j - o*f, -j - 5*f = -386. List the prime factors of j.
401
Suppose -30330 = -8*r + 15006. What are the prime factors of r?
3, 1889
Suppose 0 = -4*j + 707 + 441. Let s = 9 + j. List the prime factors of s.
2, 37
Let d(a) = -9*a**3 - 13*a**2 + 17*a + 14. Let c be d(-7). Let j = c + -1599. Suppose 146 = o + i, 5*o - 3*i + 48 - j = 0. What are the prime factors of o?
2, 71
Suppose 95 = 12*w + 23. What are the prime factors of (0 - 1 - w)/(3/(-15))?
5, 7
Let s(f) = -f**3 + 5*f**2 - 7*f + 7. Let v be s(3). Suppose -3*b + 12 = 0, -v*b + 0*b - 968 = -2*k. Let o = k - 337. List the prime factors of o.
5, 31
Suppose n - o + 2*o + 11 = 0, 0 = -5*n - o - 59. Let m be 13/26*4*n. Let i = 42 - m. List the prime factors of i.
2, 3, 11
Let u = -4349 + 14373. List the prime factors of u.
2, 7, 179
Suppose 5 = -3*c + 14. Suppose 22 = c*f - 5. Suppose 2704 = 4*i + f*i. List the prime factors of i.
2, 13
Suppose -4*g = -g - 4*s - 48, 3*g + s = 63. Suppose -2308 = -g*t + 4112. What are the prime factors of t?
3, 107
Suppose 0 = 5*c - 2*o + 2360, 1 = -5*o + 26. Let a = c + 678. What are the prime factors of a?
2, 13
Suppose 19231 = d + 5*m, -4*d + 5*m + 34576 = -42198. What are the prime factors of d?
7, 13, 211
Suppose -25*s + 68704 + 31824 = -237847. List the prime factors of s.
5, 2707
Suppose q - 17 = -4*f - 2*q, 33 = f - 5*q. Suppose -5 = k - f. List the prime factors of k + 1/(2/302).
2, 7, 11
Suppose 4*d = -390 + 2542. Suppose 3*c = -4*z + 1646, -3*c + 2*c + d = 4*z. Suppose 11*j - 458 - c = 0. List the prime factors of j.
2, 23
Suppose -11 = 2*n - 5*z, 5*n - 8*z - 13 = -9*z. Suppose 709 = -14*k + 15*k + n*g, 2*g - 2848 = -4*k. What are the prime factors of k?
23, 31
Let x(q) = -q**3 + 8*q - 4. Let i be x(6). Let k = 531 + i. What are the prime factors of k?
359
Let i(u) = 9*u**2 - 30*u + 259. What are the prime factors of i(26)?
5563
Let y(p) = 2*p**2 - 6*p - 5. Let a be y(-7). Let l = a + -4. What are the prime factors of l?
131
Suppose 36*f - 42168 = 48*f. List the prime factors of f/(-4)*(-42)/(-49).
3, 251
Let b(q) = 1. Let t(c) = -52*c + 17. Let v(h) = -6*b(h) + t(h). Suppose -3*a - 2*r - 34 = -22, -3*a = 6*r + 24. What are the prime factors of v(a)?
5, 23
Suppose -2*w = -5*j - 48, 4*j + 14 = 2*w - 24. Let a = j - -66. Suppose -2*y - 2*i = -184, -5*i - 6 = -y + a. List the prime factors of y.
3, 29
Let t = -375 - -917. Let y = t + -384. What are the prime factors of y?
2, 79
Let u(k) = -4*k**3 + 8*k**2 + 3. Let h be u(2). Suppose 7*n = 2*n - 4*q + 880, -5*q - 491 = -h*n. List the prime factors of n.
2, 43
Let b = 1082 + 3268. Suppose -b = -9*o - 1191. What are the prime factors of o?
3, 13
Let i(w) = 6 + 569*w**2 - 556*w**2 + 1 + 3*w. What are the prime factors of i(-4)?
7, 29
Let z(b) = -4*b**2 + 30*b + 8. Let u be z(8). Let t(j) = -2*j**3 - 7*j**2 - j + 40. List the prime factors of t(u).
2, 3, 13
Let m = -5686 + 15113. List the prime factors of m.
11, 857
Let f(z) = -z**3 - 4*z**2 - 2*z + 1. Let a be f(-2). Let b = -11 + a. Let m = 26 + b. What are the prime factors of m?
2, 3
Suppose -136*o + 2*n + 20 = -137*o, n - 5 = 0. Suppose -2*c = -5*x - 7*c - 420, 12 = -4*c. Let u = o - x. What are the prime factors of u?
3, 17
Let f = 44 - 45. Let v be (-28)/14 - (f - 2). Let b = v - -43. List the prime factors of b.
2, 11
What are the prime factors of (-1)/(24/(-969993)) + (330/16)/(-55)?
2, 3, 421
Let b = -34 + 30. Let l = b + 6. Suppose 0 = l*s - s - 80. What are the prime factors of s?
2, 5
Suppose 3*d - f = 1320, -4*d - 314 = -f - 2074. Suppose -180*p + d = -176*p. What are the prime factors of p?
2, 5, 11
Suppose 13*k - 38 = 1. Let t(z) = 33*z - 14. Let l be t(k). Suppose -11*m + 250 = l. What are the prime factors of m?
3, 5
Let h(w) = -177*w + 7. Let f be h(1). Let k = f - -282. List the prime factors of k.
2, 7
Let u = 62 - 18. Let x = u + -14. Let j = x + 30. What are the prime factors of j?
2, 3, 5
Suppose 36*w - 8 = 32*w. Suppose -4 = o, 5*o - 1 = w*z - 27. Suppose n + 3 + 2 = 3*u, 15 = 3*n - z*u. List the prime factors of n.
2, 5
Let n(a) be the third derivative of 0*a + 1/20*a**5 + 14*a**2 + 0 - 7/6*a**4 - 1/2*a**3. List the prime factors of n(12).
3, 31
Suppose -4*q + 29705 = l, -q = -128 + 135. List the prime factors of l.
3, 11, 17, 53
Suppose 3*n - 5954 = -16*n - 7*n. What are the prime factors of n?
229
Suppose f + 9587 = 3*g, 4*g - f = 3*g + 3195. Let